1*4/(-10). Suppose -y = 6*y - o. What are the prime factors of y?
2, 13
Let f = 17239 - 6823. List the prime factors of f.
2, 3, 7, 31
Let f(p) = 18*p**3 - 13*p**2 + 101*p - 1002. List the prime factors of f(11).
2, 3, 23, 163
Let b = -55 + 58. Suppose 5*v - 3 = -r - 0*r, 0 = -2*v - r + b. Suppose 0 = -5*a + 3*j - 0*j + 139, v = -3*j + 6. List the prime factors of a.
29
Let w(t) = 56*t + 60. Suppose -3*v = -v - 18. List the prime factors of w(v).
2, 3, 47
Suppose -665845 = -5*j - 102100. List the prime factors of j/245 + 1/(-5).
2, 5, 23
Let r(k) = -52*k**3 - 11*k**2 + 3*k - 91. List the prime factors of r(-7).
5, 7, 491
Let x(m) = -m**3 + 2*m**2 + 23*m + 4835. List the prime factors of x(0).
5, 967
Suppose 29*h - 20*h - 34158 = -2*c, 0 = 4*h + c - 15182. What are the prime factors of h?
2, 7, 271
Let v = 37296 + -26362. What are the prime factors of v?
2, 7, 11, 71
List the prime factors of (-10426134)/(-918) + (-2 - 28/(-18)).
41, 277
Let k(b) = -37*b + 100. Let d be k(3). Suppose -4*p - 24 = -4*w, 3*w + 0*p - 15 = 2*p. List the prime factors of (w + -13)/(1/d).
2, 5, 11
Let b be (44/66)/((-2)/(-96)). What are the prime factors of b*((-123)/(-6) + -3) + -3?
557
Suppose 0 = -y - 46 + 48. Suppose -y*d = -5*l, -5*d = 2*l - 0*d - 29. Suppose 2*p = 2*v + 196, -l*p + 5*v - 326 = -5*p. List the prime factors of p.
2, 3, 17
Suppose -66*h + 79*h - 338 = 0. What are the prime factors of 876 - 0 - (h + -31)?
881
Let c = -271 - -217. Let j = c + 293. List the prime factors of j.
239
Let a be 30/9*(5/10 + 1). Suppose -3*v - a*d + 977 = -4*d, -658 = -2*v - 4*d. List the prime factors of v.
5, 13
Let p(u) = -u**3 - 27*u**2 + 24*u - 28. Let o be p(-28). Suppose 0 = -o*c + 69*c + 8025. What are the prime factors of c?
5, 107
Let u(i) = -5*i - 56. Let n(b) be the third derivative of b**4/12 + 19*b**3/6 + 3*b**2. Let m(l) = -17*n(l) - 6*u(l). List the prime factors of m(-14).
3, 23
Suppose -19761 = -14*t + 9233. Let r = t - 708. What are the prime factors of r?
29, 47
Let a be (-11)/(-4) - (-12)/(-16). Let w be a - (1 - -1 - 0). What are the prime factors of (w + 1)/((-1)/(-7))?
7
Suppose -22*r - 3*r = 25. What are the prime factors of (6 - r)/((-9)/(-153))?
7, 17
Let i(l) = -7*l**3 + 30*l**2 + 15*l + 3. What are the prime factors of i(-9)?
3, 2467
Let o be 1/(-4)*(-16670 + 9 + 9). Suppose -12*x = 1295 - o. What are the prime factors of x?
239
Let j(k) = 21*k**2 + 2. Let u be 0 + 4/(-16) - 5/(-4). Let b be j(u). Let t = 27 + b. What are the prime factors of t?
2, 5
Suppose 2*g + 11 = 2*a - 17, -5*g = 2*a - 35. Let o(b) = 2*b**2 - 62*b + 18. Let d be o(31). Suppose d*c = a*c + 105. List the prime factors of c.
5, 7
Let t = -19198 + 36435. List the prime factors of t.
11, 1567
Let s(o) = -114*o**2 + 3*o - 3. Let l be s(3). Let h = 1538 + l. What are the prime factors of h?
2, 7, 37
Let c be 2/9 - 724/18. Suppose 0 = -126*a + 33*a + 22041. Let b = a + c. What are the prime factors of b?
197
Let q(s) = 3*s**2 - 3*s - 12. Suppose 6 + 5 = -3*l - 2*p, 4*p = -3*l - 7. What are the prime factors of q(l)?
2, 3, 13
Let v = 14461 + 15712. List the prime factors of v.
11, 13, 211
Let t(w) = 638*w**2 - 21*w + 36. What are the prime factors of t(-5)?
16091
Let w(h) = 13*h**2 + 14*h - 45. Let m = 32 - 27. What are the prime factors of w(m)?
2, 5, 7
Suppose -187492 = -34*f - 42*f. List the prime factors of f.
2467
Let u(g) = 3*g - 45*g - 17*g + 8 - 12*g. Let c be u(-2). Suppose 0*n = 2*i + 3*n - c, 5*n = -i + 75. What are the prime factors of i?
3, 5
Let k be (-240)/144*(0 - 3). Suppose k*b - 5*v = 3842 + 723, -b + 4*v = -928. List the prime factors of b.
2, 227
Let g = 42257 - 13061. List the prime factors of g.
2, 3, 811
List the prime factors of (-45)/(-15) - (-7714)/7.
5, 13, 17
Suppose 3*j + w = 22, 5*j + 2*w - 7*w - 10 = 0. Let s(r) = 21*r**2 - 2*r + 1. Let o be s(j). Suppose 5*u - o = -5. What are the prime factors of u?
2, 37
Let d(l) = 3*l**2 + 39*l - 102. Let n(q) = 5*q**2 + 40*q - 101. Let k(o) = 3*d(o) - 2*n(o). What are the prime factors of k(30)?
2, 53
Let v(n) = -n**2 - 8*n + 2. Let z be v(-3). Suppose z*d - 3*d = 0. Suppose 4*w + 76 - 860 = d. List the prime factors of w.
2, 7
Let w(x) = x**3 + 4*x**2 - 6*x + 38. Let i be w(8). Let p = -736 + i. List the prime factors of p.
2, 11
What are the prime factors of (25 - 13 - 13/1)*-14578?
2, 37, 197
Let g(l) = 5*l**3 + 7*l - 5. Let f = -89 - -93. List the prime factors of g(f).
7
Suppose -2*b + 592*u = 597*u - 122849, -4*b - 2*u + 245642 = 0. List the prime factors of b.
3, 6823
Suppose 0*u - 2*u = 3*g + 9, -4*g - 20 = 0. Let l(a) = 2*a**2 + 44 + 2*a + 2*a + a**u + 3*a - 6*a. List the prime factors of l(0).
2, 11
Let d(u) = 3*u**3 + 4*u**2 + 7*u + 922. What are the prime factors of d(22)?
2, 3, 971
Let q(o) = -181*o + 32. Let h be q(-4). List the prime factors of (8/(-6))/((119/h)/(-17)).
2, 3
Suppose 7 = -y + 4*g, 3*y - 3*g - 5 = -8. What are the prime factors of (171/12)/(y + 365/(-380))?
19
Let m = -177 - -333. Suppose -4*h - m = -4*t, -5*h = -h. Suppose 0 = a - 19 - t. What are the prime factors of a?
2, 29
Suppose v = 2*l + 14600, 3*v - 5*l = -4346 + 48150. List the prime factors of v.
2, 11, 83
Suppose -16*i + 8*i = -1392. Suppose i + 111 = 3*h. Suppose 2*z - 4*f + 86 = 3*z, z = -f + h. What are the prime factors of z?
2, 7
Suppose 64294 = 4*q - 2*s, 23*q - 16051 = 22*q - 4*s. What are the prime factors of q?
3, 11, 487
What are the prime factors of ((-100)/(-350))/((-8)/(-130956))?
3, 1559
Let m(b) = 27*b + 14*b**2 + 5 + 14*b**2 - 29*b**2. Let y be m(11). List the prime factors of (-2)/6 + y/3.
2, 3, 5
Suppose -19*j - 7560 = -34*j. Suppose -v - 3*h = 2*h - j, 0 = v + 2*h - 501. What are the prime factors of v?
499
Let t be 0 + -3 + (-2)/2. Let b be 7284/24 + (-6)/t. Suppose -i + b = 4*i. What are the prime factors of i?
61
Let p(u) = u**3 + 6*u**2 - 8*u - 8. Let h(g) = -2*g + 8. Let a be h(8). Let b be p(a). List the prime factors of (19/(-4))/(6/b).
3, 19
Let k(n) = 10953*n**2 - 462*n - 923. What are the prime factors of k(-2)?
7, 11, 569
Let t(v) = 311*v + 647. What are the prime factors of t(25)?
2, 4211
Suppose 237*w - 235*w = 6340. Let m = w + -2253. What are the prime factors of m?
7, 131
Suppose 0 = c - 2*u - 2660, -2*c + u = 2*u - 5315. Suppose -3*n + c + 2274 = 0. Suppose -5*b = 7*b - n. List the prime factors of b.
137
Suppose -20*w - 3*w + w + 365420 = 0. List the prime factors of w.
2, 5, 11, 151
Let z = 28 - 8. Let c = z + -26. List the prime factors of 6/4*(-340)/c.
5, 17
Let n be 1 - ((-1)/(-2))/(8/16). Suppose 2*a - a - 112 = n. Suppose 0 = 4*i - a - 132. What are the prime factors of i?
61
Suppose f = r + 3*r + 22, 0 = -2*r + 2*f - 8. Suppose 3*c - 4*k = 2, -k + 42 = 5*c + 8. What are the prime factors of 1 + (c/5)/(r/(-435))?
2, 11
Let t = -38 + 38. Suppose 5*n - 7 - 13 = t. Suppose n*x = -3*v + 221, v = 6*v - 5*x - 380. List the prime factors of v.
3, 5
Suppose 3*g = -2*g - 10, 5*r + 4*g - 11122 = 0. Let x = -1572 + r. Let f = x + -407. List the prime factors of f.
13, 19
Suppose u + s - 6766 = 0, 5*u - 5*s - 612 = 33248. What are the prime factors of u?
7, 967
Let p(y) be the first derivative of y**4/4 - 7*y**3/3 - y**2 + 29*y - 13. List the prime factors of p(12).
5, 29
Suppose 5*g - 1392 = g. Suppose 8*u - g = 14*u. What are the prime factors of (-4)/(-6) - u*(-55)/(-30)?
107
Let y(v) = 1388*v - 3 - 1388*v - 118*v**2. Let k be y(-2). Let w = -273 - k. List the prime factors of w.
2, 101
Suppose -5*s + 7 = 4*h, 0*h - 5*h = 3*s + 1. Suppose -1 = 4*b + 3. List the prime factors of 225/(-6)*(1 + b + h).
3, 5
Let k = -643 + 643. Suppose -2*y - 3*u + 2149 = k, u - 4*u - 3 = 0. What are the prime factors of y?
2, 269
Let b = 25 - 13. Suppose -909*t + 944*t = 4795. Suppose -b*n - t = -13*n. What are the prime factors of n?
137
Let z be (12*-9)/((-84)/7 + 10). Suppose z = 2*o - 8. What are the prime factors of o?
31
Let i = -217 - -232. Suppose j - 1711 = -4*y - 2*j, -5*j = i. List the prime factors of y.
2, 5, 43
Suppose -21*r + 73892 = -30814. What are the prime factors of r?
2, 3, 277
Suppose 31943 = -10*u - 6*u + 631015. List the prime factors of u.
2, 97, 193
Let q = -35 + 40. Suppose -a - 4*a = -5*s - 25, -q*a = -2*s - 10. List the prime factors of 30 - 2 - (a/1 - -4).
2, 3
Let f(a) = 